49924?
True
Is 392888811 a multiple of 147?
True
Does 241 divide 13767607?
True
Is 1151588178 a multiple of 27?
True
Does 807 divide 1802984067?
True
Does 19 divide 29694397?
True
Does 34 divide 532793191?
False
Is 1068 a factor of 46898371?
False
Is 6212525 a multiple of 725?
True
Is 6461 a factor of 619475787?
False
Is 2043 a factor of 199447875?
True
Is 11995690 a multiple of 42?
False
Is 784624997 a multiple of 3119?
True
Is 16359792 a multiple of 3?
True
Is 1570082 a multiple of 34?
False
Is 29 a factor of 367107358?
False
Does 207 divide 3839567493?
False
Does 473 divide 20349864?
False
Is 2056378 a multiple of 340?
False
Is 23242723 a multiple of 1211?
True
Is 321280207 a multiple of 15?
False
Is 506025873 a multiple of 61?
False
Is 12687 a factor of 2813493155?
False
Is 3 a factor of 25968055?
False
Is 388 a factor of 2913999116?
True
Is 1008562687 a multiple of 15?
False
Does 283 divide 257871015?
True
Is 793 a factor of 360840101?
False
Does 4 divide 418050760?
True
Does 114 divide 77222232?
True
Is 445 a factor of 50185778?
False
Does 11120 divide 662296080?
True
Is 15 a factor of 5753079?
False
Does 119 divide 657457015?
False
Is 705319818 a multiple of 6?
True
Is 1953 a factor of 56845971?
True
Is 295 a factor of 79967715?
True
Is 2 a factor of 155474036?
True
Does 177 divide 3811575?
False
Is 32 a factor of 17349415?
False
Is 16 a factor of 361797888?
True
Is 355128218 a multiple of 65?
False
Does 2 divide 3348521?
False
Is 1678714270 a multiple of 263?
False
Does 62 divide 260590185?
False
Is 70 a factor of 498049650?
True
Does 168 divide 4087512145?
False
Is 61 a factor of 8696587?
True
Is 335255 a multiple of 5?
True
Does 8 divide 38670735?
False
Is 14981813 a multiple of 8?
False
Is 13 a factor of 884212394?
True
Is 229175045 a multiple of 5?
True
Is 41 a factor of 544391959?
False
Is 34 a factor of 12275632?
True
Does 29 divide 12454949?
True
Is 77 a factor of 578392973?
False
Is 19 a factor of 39182489?
False
Does 7 divide 98512238?
False
Is 53819700 a multiple of 1650?
True
Is 708 a factor of 62828628?
True
Is 2733700404 a multiple of 516?
True
Does 4 divide 531948688?
True
Does 171 divide 2275868241?
True
Does 15 divide 6466530?
True
Is 6 a factor of 14847720?
True
Is 1564 a factor of 821611428?
True
Is 130 a factor of 39906051?
False
Is 707 a factor of 4975453112?
True
Is 448715860 a multiple of 2585?
False
Is 25091280 a multiple of 13?
False
Is 14827876 a multiple of 28?
True
Is 13 a factor of 11451076?
True
Is 923377641 a multiple of 247?
False
Is 2264904265 a multiple of 130?
False
Is 5181210090 a multiple of 1961?
False
Is 1569556560 a multiple of 2407?
True
Is 28 a factor of 78112?
False
Does 10 divide 5842677?
False
Is 137 a factor of 4547892552?
True
Does 860 divide 1070549060?
False
Is 6 a factor of 64179472?
False
Is 61 a factor of 2454208059?
True
Is 9692385 a multiple of 58?
False
Does 787 divide 30496901?
False
Is 107546090 a multiple of 5?
True
Is 17667187 a multiple of 874?
False
Is 269347015 a multiple of 89?
False
Is 25 a factor of 250407252?
False
Does 100 divide 19406900?
True
Does 9 divide 46879479?
True
Is 47 a factor of 681761955?
False
Does 4264 divide 764106311?
False
Is 219 a factor of 57163408?
False
Is 322 a factor of 54346838?
True
Is 1061335082 a multiple of 907?
False
Is 2116 a factor of 3550802468?
True
Is 29857464 a multiple of 1736?
True
Is 514 a factor of 1104725294?
True
Is 1140 a factor of 2978954520?
True
Is 201821280 a multiple of 170?
True
Does 50 divide 2542807?
False
Is 32391547 a multiple of 14?
False
Is 557 a factor of 1297962507?
False
Is 23087911 a multiple of 66?
False
Is 1385 a factor of 114114012?
False
Does 8 divide 25162069?
False
Is 413156184 a multiple of 1834?
True
Is 25 a factor of 4033672906?
False
Is 260546588 a multiple of 1690?
False
Is 421 a factor of 56359691?
True
Is 3907800 a multiple of 3?
True
Is 4189 a factor of 230712375?
False
Does 435 divide 614789562?
False
Is 3 a factor of 87552556?
False
Is 36 a factor of 2385765072?
True
Does 43 divide 413822067?
True
Does 44 divide 185425988?
True
Is 109 a factor of 11162827?
False
Is 27345060 a multiple of 73?
False
Is 153881170 a multiple of 245?
False
Is 89029346 a multiple of 11?
False
Is 53 a factor of 1338286835?
True
Is 12888624 a multiple of 356?
True
Is 17889381 a multiple of 123?
False
Does 15 divide 1015275?
True
Does 13 divide 334476974?
True
Does 10 divide 12926650?
True
Does 2 divide 5783299?
False
Is 1113318537 a multiple of 2291?
False
Does 528 divide 12509376?
True
Is 1041920444 a multiple of 3182?
True
Is 1321990636 a multiple of 4727?
True
Does 1762 divide 126988576?
False
Is 32 a factor of 42027624?
False
Does 780 divide 159120?
True
Is 16 a factor of 71729666?
False
Is 1135378425 a multiple of 1171?
False
Is 189 a factor of 98914284?
True
Is 335 a factor of 138713751?
False
Does 440 divide 43196120?
True
Does 1838 divide 15692844?
True
Is 6545 a factor of 7532362911?
False
Is 4811617 a multiple of 6?
False
Is 6359179 a multiple of 13?
False
Is 37 a factor of 974798448?
True
Is 988525399 a multiple of 175?
False
Is 1878201980 a multiple of 49?
False
Does 111 divide 16583622?
True
Is 485100 a multiple of 33?
True
Is 44999771 a multiple of 312?
False
Is 13642734 a multiple of 229?
False
Is 998 a factor of 88336414?
False
Is 660680487 a multiple of 196?
False
Is 108043277 a multiple of 5?
False
Is 692925815 a multiple of 359?
False
Is 69558683 a multiple of 1672?
False
Does 510 divide 101784780?
True
Is 9 a factor of 315743756?
False
Does 1048 divide 33813720?
True
Does 427 divide 10540495?
True
Is 67699304 a multiple of 1676?
False
Is 875460383 a multiple of 4935?
False
Is 2280121836 a multiple of 1138?
True
Does 26 divide 87614290?
False
Is 308957027 a multiple of 26?
False
Is 78333421 a multiple of 69?
False
Is 865 a factor of 74675368?
False
Is 7 a factor of 23799609?
False
Is 187 a factor of 37031236?
True
Does 85 divide 185460140?
True
Is 25 a factor of 83365131?
False
Is 5796912 a multiple of 528?
True
Is 1845 a factor of 3215495520?
True
Does 58 divide 2319263864?
True
Does 120 divide 198431774?
False
Is 953 a factor of 2018454?
True
Does 982 divide 43216689?
False
Is 87 a factor of 141207556?
False
Does 114 divide 195786259?
False
Is 8274625788 a multiple of 40?
False
Is 1152672190 a multiple of 26?
False
Does 4 divide 336677056?
True
Does 24 divide 2322766?
False
Does 3 divide 11209227?
True
Is 915701436 a multiple of 279?
True
Does 10 divide 32664611?
False
Is 13045230 a multiple of 37?
False
Is 4427028738 a multiple of 74?
False
Does 5 divide 334519801?
False
Is 667236284 a multiple of 151?
False
Is 118524 a multiple of 6?
True
Does 605 divide 9332719?
False
Is 374799 a multiple of 51?
True
Does 29 divide 70078384?
True
Is 122727346 a multiple of 312?
False
Is 10611211 a multiple of 2?
False
Is 386171431 a multiple of 22?
False
Is 2323 a factor of 425384039?
False
Is 534057994 a multiple of 3?
False
Is 4293670 a multiple of 64?
False
Is 47783622 a multiple of 6?
True
Is 8 a factor of 346304?
True
Is 18 a factor of 205611138?
True
Is 107 a factor of 33343126?
True
Is 9203790 a multiple of 15?
True
Does 230 divide 186214670?
True
Does 682 divide 17386226?
True
Is 179 a factor of 8178868?
True
Is 44384361 a multiple of 21?
True
Is 2096920 a multiple of 77?
False
Does 34 divide 36134555?
False
Is 1159 a factor of 300508997?
True
Does 219 divide 18701943?
True
Is 87 a factor of 389820633?
False
Is 16695936 a multiple of 12?
True
Is 673658190 a multiple of 90?
True
Does 2075 divide 819880273?
False
Does 11 divide 97068523?
False
Is 16 a factor of 457069424?
True
Is 10 a factor of 12179419?
False
Is 9 a factor of 1314464094?
True
Does 4 divide 514483860?
True
Is 26370883 a multiple of 1393?
True
Is 3890 a factor of 925085714?
False
Is 435444438 a multiple of 1840?
False
Is 140 a factor of 495328938?
False
Is 5239106 a multiple of 3?
False
Does 35 divide 146629072?
False
Does 1178 divide 13903613?
False
Is 516390264 a multiple of 36?
True
Is 949 a factor of 217944493?
True
Is 188433513 a multiple of 27?
True
Does 579 divide 70128480?
True
Is 133585550 a multiple of 35?
True
Does 174 divide 84260022?
True
Is 38 a factor of 19743432?
True
Is 1977 a factor of 712617138?
False
Does 259 divide 21